8 - -908. Suppose -35 = 2*p + 63. Let k be 100/7*p/(-14). Calculate the highest common factor of k and f.
50
Let y = 35 + -38. Let b be (y - 7/(-3)) + 28/6. Suppose b = o - 5. What is the greatest common factor of 18 and o?
9
Let c = -6 + 2. Let f be 4216/34 + (c - (-1 + 1)). Suppose -3*y + 8*y - 75 = 0. What is the highest common factor of y and f?
15
Suppose -2*f - 77 = -3*f. Let g be 2*(-1 + (-12)/(-9))*(-196 - -217). Calculate the highest common factor of f and g.
7
Let j = -127 + 129. Suppose -g - 2*x + 5 = 0, -j*g - 2*x + 0*x = -6. What is the greatest common factor of 4 and g?
1
Let f be (14/(-2) + 12*961)*9/15. Calculate the highest common divisor of 30 and f.
15
Let p = 31 + -17. Let z be 4/((-8)/(-34))*(71 - 5). Let s be 2 - (z/(-21) + (-12)/21). What is the greatest common factor of p and s?
14
Suppose x + 13 - 15 = 0. Let c(u) = -12*u**x + 5*u - 5 + 11*u**2 + 8*u + 0. Let a be c(8). Calculate the greatest common divisor of a and 14.
7
Let b(v) be the third derivative of -v**6/120 + 13*v**5/60 - v**4/2 + 7*v**3/6 - 7*v**2 - 8. Let y be b(12). Calculate the highest common divisor of 189 and y.
7
Suppose 5*g - 4*m - 63972 = 0, 4*g - 23*m = -24*m + 51186. Calculate the highest common divisor of g and 56.
28
Let v be (-13700)/(-274)*-3*(-8)/60. Suppose 67 = -5*u + 867. What is the highest common factor of u and v?
20
Suppose 1010*i - 1014*i = -204. Calculate the greatest common factor of i and 27.
3
Let p(n) = -2*n**3 - 10*n**2 + 6*n + 25. Let v be p(-7). Let y = 11 + v. What is the highest common divisor of 76 and y?
38
Let i = -302 + 319. Calculate the highest common divisor of i and 15929.
17
Let q be 7/9 - 14/(-63). Suppose -q = -i - o, -3*i + 3*o = -2*o - 43. Suppose 257 = i*x - 571. What is the highest common factor of 6 and x?
6
Let x = -831 + 835. Let f = -11 + -4. Let i = f - -25. Calculate the highest common divisor of x and i.
2
Let v(y) = 2*y + 2. Let p be v(0). Let w(d) = -5*d + 14*d**p + 8*d**2 + 241 - 249. Let k be w(-2). Calculate the highest common factor of 10 and k.
10
Let c(r) = -798*r + 3597. Let b be c(4). What is the highest common divisor of b and 36?
9
Suppose 2*m - m - a - 3 = 0, m - 4*a = 3. Let y = 189315 - 189048. What is the greatest common divisor of m and y?
3
Suppose 4*l - 483 + 372 = -5*a, 4*l = 16. What is the greatest common factor of 931 and a?
19
Suppose 0 = 32*o - 5*o - 2700. What is the greatest common factor of 8450 and o?
50
Let j be (-4)/10 + (-496)/(-40). Let f be (1767/(-76))/(j/(-944)). What is the highest common factor of f and 31?
31
Let w = 240 - 238. Suppose 0 = 5*a + 2*n - 9 - 307, -w*a + 138 = -5*n. What is the highest common divisor of a and 48?
16
Let d(n) = 7*n + 283. Let u be d(-20). What is the highest common divisor of u and 325?
13
Suppose 0 = -5*c + 3*c + 5*z + 98, -c + 50 = -2*z. Suppose -2*y = 4*x - 230, -3*x - 3*y + 111 = -c. Calculate the greatest common divisor of x and 48.
12
Let g be (-4)/7 - (-17)/(-7). Let y(x) = -3*x - 1. Let j be y(g). Let t be ((-4)/(-1))/(4/j). Calculate the highest common factor of t and 16.
8
Suppose 65*t = 56*t + 18. Suppose -78 = -3*k + 3*d, -3*k - t*d - 3 + 71 = 0. What is the greatest common divisor of k and 18?
6
Suppose 86*k - 2504 - 8160 = 0. What is the highest common factor of k and 186?
62
Let l be 0 + -4 + (4 - -3). Suppose 2*i = -5*f - l*i + 1010, 3*f + 4*i = 603. What is the greatest common factor of f and 41?
41
Let d = 9149 - 9139. What is the greatest common factor of d and 26800?
10
Let t be (4 + 1)/(-5*6/(-300)). Suppose -3*a - 41 = -t. Let d(f) = 11*f. Let r be d(3). What is the highest common factor of a and r?
3
Let y(p) be the second derivative of -1/2*p**4 + 6*p**2 + 0 - 18*p + 1/20*p**5 - 5/3*p**3. Let s be y(8). Calculate the greatest common divisor of 150 and s.
30
Let c(s) = -97*s - 1925. Let j be c(-22). What is the greatest common factor of 551 and j?
19
Let l(x) = 66*x + 2405. Let i be l(-35). Calculate the highest common divisor of 228 and i.
19
Let y(o) = -o**3 - 7*o**2 - 18*o - 28. Let w be y(-5). Suppose -d = -4*p - 106, 10*p - 108 = -d + w*p. What is the greatest common factor of 385 and d?
55
Let m(j) = 2*j**3 - 38*j**2 - 29*j + 158. Let c be m(22). What is the highest common divisor of c and 24?
24
Let k be (16*(-42)/(-196))/(4/14). Let f(n) be the second derivative of -4*n**3 - n. Let g be f(-1). Calculate the highest common divisor of k and g.
12
Let k be ((-26)/65)/(2/140). Let j be 0 + -2*1/(-2). Let n = j - k. What is the greatest common divisor of 232 and n?
29
Let g(z) = 217*z**2 + 39*z + 35. Let n be g(14). Calculate the highest common divisor of 21 and n.
21
Let d = 25221 + -24681. Calculate the greatest common divisor of 70 and d.
10
Let q = 4299 - 3958. Calculate the highest common divisor of 187 and q.
11
Suppose 0 = -199*r - 255 + 201 + 2442. Let i = -259 + 415. Calculate the highest common divisor of r and i.
12
Suppose -48*d = -44*d - 3*f - 4819, -d + 1207 = -3*f. What is the highest common factor of 21 and d?
7
Let a be (-5 + 1 - 26)/(-2). Let q be (-5 + 81/a)*60. Let g be ((-6)/(-9))/(1/324). Calculate the greatest common factor of q and g.
24
Let c(a) = 2*a + 29. Let l be c(0). Let q = 260 - l. What is the highest common divisor of q and 21?
21
Suppose 5*s + 3*d - 2844 = 0, -3*d - 2826 = -52*s + 47*s. Calculate the greatest common factor of s and 42.
21
Let o = 5570 + -2492. Calculate the greatest common factor of 3 and o.
3
Let f = 22632 - 21378. What is the greatest common factor of f and 374?
22
Let k be ((-172)/12)/(14/(-3990)). What is the greatest common divisor of 950 and k?
95
Let u(m) = 1 - 23*m**3 + 17*m**3 - 2 + 9*m**3. Let c be u(3). What is the greatest common divisor of 32 and c?
16
Let y(s) = -s**3 + 18*s**2 + 2*s - 55. Let j be y(15). Calculate the highest common factor of 150 and j.
50
Let i be ((-44)/(-8) - 5)*10. Let f(d) = 48*d + 5. Let t be f(i). What is the highest common divisor of 105 and t?
35
Suppose -3*o - 1 = k - 7, -2*k + 12 = -o. Let g be k/(-1)*(-9)/6. Let t = 161837 - 161834. What is the highest common factor of g and t?
3
Let a(z) = -z**3 + z**2 + 9*z + 6. Let j be a(-2). Suppose 5*k - 3*t - 115 = j, -5*t + 30 - 5 = 0. What is the greatest common factor of k and 8?
2
Let n be (1/(-2))/(85/(-20) - -4). Let j be (-4 - (-45)/10)*n. What is the highest common divisor of j and 7?
1
Let a(c) be the second derivative of 0 + c**3 + 1/20*c**5 + 3*c**2 + 17*c + 5/12*c**4. Let k be a(-3). What is the greatest common factor of k and 12?
6
Let b = -52 + 57. Suppose 0 = 2*g + b*v - 39, 26 = -4*g + 7*g + v. Calculate the greatest common divisor of 91 and g.
7
Suppose -16267 = -34*x + 8927. What is the highest common divisor of x and 228?
57
Suppose 0 = -4*x + 12, 3469 = s + 5*x - 793. What is the highest common divisor of s and 137?
137
Let b(q) = -q**3 + 42*q**2 + 7*q - 289. Let n be b(42). Suppose 79 = y + 3*p, -2*y - 4*p = -26 - 126. Calculate the greatest common divisor of y and n.
5
Let j be (-690)/(-46)*((-336)/(-9))/1. Let u = j + -395. Let l = -9 - -24. Calculate the highest common factor of u and l.
15
Let m be (-1 - (-1 - 0))/(-3) - -5. Suppose 0 = -6*c + m*c + 136. Calculate the highest common factor of 16 and c.
8
Let b(m) = -m**3 - 7*m**2 - 7*m - 6. Let l be b(-6). Suppose l = -s - t + 29, 37 = 2*s - 5*t - 28. What is the greatest common factor of s and 20?
10
Suppose -6*k - 3671 = -8531. What is the highest common factor of 50 and k?
10
Suppose 168 = -7*l + 3*l. Let i = -3698 + 3750. Let p = i + l. What is the highest common divisor of 90 and p?
10
Let f = 61 + -58. Suppose 2*c + 4*t = -2*c + 744, -f*t = -3*c + 576. Calculate the highest common divisor of 42 and c.
21
Let h = -308 - -311. Let c be h/4*5/(-15)*-16. What is the greatest common divisor of 4 and c?
4
Let m = 10849 - 8113. Calculate the greatest common divisor of 240 and m.
48
Suppose -6*l + t + 118 + 33 = 0, -141 = -5*l + 3*t. Calculate the greatest common factor of 543 and l.
3
Let z(h) = -3*h**3 + 3*h + 28. Let b be z(0). Let y = 494 + -270. Calculate the greatest common factor of y and b.
28
Let z(f) = 5*f**2 + 16*f - 60. Let x be z(5). Let t = 155 - x. What is the highest common divisor of 1 and t?
1
Suppose c + 4 + 48 = 0. Let n be 388*39/(-52) + (3 - (2 + -6)). Let s = c - n. What is the